10
Suppose -a + 2*f = -3*a - 18, -33 = 2*a - 3*f. Let w = -8 - a. Let l(m) = -m**2 + 4*m + 3. Determine l(w).
3
Suppose -3*b - b - 4 = -4*l, -2*l = -3*b. Suppose b*g + 20 = -3*g. Let a(f) = f**2 - 1. Let s(u) = -3*u**2 - 5*u - 2. Let w(j) = 2*a(j) + s(j). Calculate w(g).
0
Let p(d) = 3*d + 2. Let w be (-8)/140*-10*7/2. Give p(w).
8
Let t(q) = q**3 - q**2. Let l(b) = -3*b**3 + b - 2. Let i(g) = l(g) + 4*t(g). Give i(2).
-8
Let b(v) = v + 11. Let g be b(-9). Suppose 0 = -5*w - 13 + 3. Let c be 3/g*(w + 4). Let f(a) = a + 3. Calculate f(c).
6
Let a(b) = 3*b**3 + 3*b**3 - 7*b - 11 + 8*b + b**2 - 5*b**3. Suppose -2*f = -0*q - 5*q, -q = -f. Give a(q).
-11
Let f(i) = -6*i - 2 - 2*i**3 - 2*i**3 + 4*i**2 + 5*i**3. Let n be f(-4). Let x be 3/(2 - n/8). Let d(j) = -j**3 - 4*j**2 - j + 3. Determine d(x).
7
Let z be 4/(-8)*-10 - 3. Suppose 17 = 3*g - 5*u, -4*g - z = -4*u - 22. Let a(x) = -x**3 + 4*x**2 + x + 1. Calculate a(g).
5
Suppose f + 2*f + 15 = m, -2*f - m = 10. Let c(v) be the third derivative of -v**5/60 - v**4/6 + 8*v**2. What is c(f)?
-5
Let s(z) = z**2 + 3*z. Let t be 8*(4 - 2)/(2 - 6). Calculate s(t).
4
Let v(d) = 10*d**3 + 2*d**2 - 2*d + 1. Suppose -2*z = -2*n - 4, 0*z + 4*n = -z - 3. Determine v(z).
11
Let y(t) = -2*t - 4. Let p be y(-3). Let s(v) = -3 - 3*v - p*v + 4*v. Let k(l) = -4*l - 11. Let w(d) = 2*k(d) - 9*s(d). Give w(-3).
2
Let o(c) = -c + 5. Suppose -2*b - 50 = 10. Let i be b/(-4)*4/6. Determine o(i).
0
Let p(t) = -3*t - 29 + t**3 + 0*t**2 - 2*t**3 - 4*t**2 + 31. Calculate p(-3).
2
Let c = 1 - -4. Let m(f) be the third derivative of -f**4/24 + f**3/3 - 64*f**2. Give m(c).
-3
Let z(f) = -f**2 - 10*f. Let d be z(-10). Let c(h) = h**2 + h. Let k be c(d). Let t(l) = -7*l - 1 + k*l + 4*l. Calculate t(-1).
2
Let b be 3/6 + 25/(-10). Let z(l) = -2*l - 1. Determine z(b).
3
Let k = -3 - -5. Suppose 2*i - 4 - k = 0. Let d(u) = -u**2 - 2*u + 8 - 5 + 5*u. Give d(i).
3
Let l(w) = w + 6. Let c be l(-5). Let f(g) be the first derivative of -g**4/2 - g**3/3 - 4. What is f(c)?
-3
Suppose -4*z = -8*z. Let p(t) be the third derivative of z*t + 0 - 1/4*t**4 - 1/120*t**6 + 2/3*t**3 + 1/10*t**5 + 2*t**2. Determine p(5).
-1
Let j(h) = -2*h**2 + h**2 + 7*h + 4*h - 10 - 2*h. Determine j(7).
4
Let m(f) = 1 - 2 - 5*f + 6*f - 2. Determine m(-4).
-7
Let h(d) = -7*d - 10. Let o be h(-2). Let t(f) be the first derivative of 1/4*f**o + 1/3*f**3 - 3/2*f**2 - 3 + f. Give t(2).
7
Let c(j) = -5*j - 4. Let q(d) = 4*d + 4. Let n(y) = -5*c(y) - 6*q(y). Calculate n(-5).
-9
Let r(y) = y**2 + 3*y - 5 - 5*y - 2. Let l(z) = 4*z - 23. Let k be l(7). Calculate r(k).
8
Let d(b) be the second derivative of b**5/20 + 5*b**4/12 + b**3/3 + 3*b**2 + 12*b - 1. What is d(-5)?
-4
Let c(z) be the second derivative of 0 + 0*z**2 - 5/12*z**4 + 1/6*z**3 - 2*z. Suppose -b = 2*a, -4*a + 7*a - 2*b = 7. What is c(a)?
-4
Let f(v) = 7*v - 12. Let m(x) = -6*x + 11. Let c(t) = -5*f(t) - 6*m(t). Calculate c(6).
0
Let q(r) = -r**3 + r**2 + 2*r - 1. Suppose -v + d + 4*d = -18, 4*v - 15 = d. Let j be (-1)/((-4)/24*v). Give q(j).
-1
Let c(l) = 2*l**2 + l**3 + 2*l**2 - 5*l**2 - l**2. Let k be 1/(2/2) + 1. Give c(k).
0
Let a(k) = 4*k**2 + 11*k + 7. Let f(w) = 0*w + 0 - 5 - 4*w**2 - 7*w + w**2. Let g(o) = 5*a(o) + 7*f(o). Give g(5).
5
Let k be -4 - -1*(1 - 1). Let w(m) = m**2 - 4*m - 4. Let n(d) = -4*d**2 + 11*d + 12. Let b(l) = -2*n(l) - 7*w(l). Determine b(k).
-4
Let w(o) = -2*o**2 + o. Let i(n) = -n + 3. Let m be i(0). Give w(m).
-15
Suppose 3*v = 13 - 4. Let y(k) = -1 - 1 - 4*k**2 + 0*k + k**3 + 2*k. What is y(v)?
-5
Let r(n) be the second derivative of 5*n**3/3 - 7*n**2/2 + 3*n. Let p(y) = -3*y + 2. Let l(h) = 7*p(h) + 2*r(h). Calculate l(-4).
4
Let h(a) be the first derivative of a**3/3 + 4*a**2 + 6*a + 2. Calculate h(-6).
-6
Let q(a) = a**2 - 6*a + 5. Suppose -8 = -9*u + 28. What is q(u)?
-3
Suppose 29 - 4 = -5*r. Let u(h) = 0*h + 0*h**2 + 4*h**2 + h**3 - 5*h + 5. Determine u(r).
5
Suppose -2*x = -8*x - 36. Let g(u) = 5*u**3 + u**2 + 4*u - 3. Let t(q) = q**3 + q**2. Let m(z) = g(z) - 6*t(z). Give m(x).
9
Suppose -t + 6*t = 20. Let z(b) = -b**2 + b. Let d(x) = 4*x**2 - x + 2. Let h(l) = d(l) + 5*z(l). Determine h(t).
2
Let z(h) = 3*h - 6. Let s(p) = -p + 1. Let c(f) = -4*s(f) - z(f). Let r = -3 - -3. Calculate c(r).
2
Let v(k) be the first derivative of k**2 - k - 20. Calculate v(-2).
-5
Let s = 4 + -6. Let u = s - -1. Let y(v) = v**2 - 2*v - 1. Calculate y(u).
2
Let z(s) = -s + 3. Let k(o) = 2*o - 4. Let d(h) = -3*k(h) - 5*z(h). What is d(8)?
-11
Let u(q) be the first derivative of 2 + 2*q**2 + 0*q - 1/3*q**3. Let p(x) = -x**2 + 3*x. Let z(g) = 4*p(g) - 3*u(g). Calculate z(-2).
-4
Suppose -4*n + 2 + 10 = 0. Let w(f) = -4*f - 1. What is w(n)?
-13
Let g(q) = -3*q**2 + 1. Let a = -29 + 30. Determine g(a).
-2
Let g(x) = 63 - 7*x - 63. Calculate g(2).
-14
Let g(x) be the third derivative of -x**6/120 - x**5/120 + x**4/24 + x**3/3 + 3*x**2. Let t(o) be the first derivative of g(o). What is t(-2)?
-9
Let o = -4 - -5. Let c = o - -1. Suppose -c*z = -3*z + 2. Let l(b) = -3*b**2 + 4*b - 2. Calculate l(z).
-6
Let k(f) = -2*f - 6. Suppose 0 = -4*a + 20, -h = -0*h + a. What is k(h)?
4
Let y(r) = r**2 - 8*r + 1. Let h be y(7). Let f(u) = -u**2 - 7 - 5*u + 0*u**2 + 2. Give f(h).
-11
Let o(m) = m - 5. Let c be (0/(3 + -5))/(-2). Calculate o(c).
-5
Let x(m) = -m**3 + 2*m**2 + 4*m - 3. Suppose 0 = -5*o - 0*o - 5*i, 4*o - 3*i = 21. What is x(o)?
0
Let h(d) = 3*d - 2 + 1 + d. Give h(-2).
-9
Let k(v) be the third derivative of -v**4/24 - v**3/6 - 11*v**2. Give k(4).
-5
Let h = -33 - -43. Let q(b) = -2*b + 15. Give q(h).
-5
Let g(w) = 1. Let v(i) = i**3 - 2. Let n(o) = 3*g(o) + v(o). Determine n(-1).
0
Let w = -18 + 19. Let x(f) be the first derivative of -1 + 4*f**2 - 2*f**2 + 5*f - 4*f. What is x(w)?
5
Let b(w) = -9*w - 1. Let i(m) be the third derivative of -m**4/24 + 11*m**3/6 + 5*m**2. Let z be i(9). Let k = z + -3. What is b(k)?
8
Let o be -4 - 1 - -3 - -4. Let g(v) = 0*v + 6 + 0*v**o + v**3 - 1 - 5*v**2 + 4*v. Determine g(4).
5
Let z be 2/(4/2) - 0. Let i = 0 - z. Let a be 4 + -2*i/(-2). Let k(t) = -t**3 + 3*t**2 + 2*t - 2. What is k(a)?
4
Let g(c) = -c**3 + c**2 + 4*c - 1. Let x(y) = y**3 - 5*y + 2. Let a(f) = 6*g(f) + 5*x(f). Calculate a(6).
-2
Let t(p) = 5*p. Let w be t(1). Suppose w*k = -2*l - 15, 4*l = 3*k + k + 12. Suppose h + d = -1, -1 = 3*h + d - l*d. Let z(a) = -a**2 + a + 2. Calculate z(h).
2
Let n be ((-3)/2 + 1)*-12. Suppose -t + 0 = -g + n, g - 30 = 5*t. Let q(j) = j - 6. What is q(t)?
-12
Let d(j) = j**2 + 2*j + 4. Suppose 4*b = -3*k - 29, -2*k - 32 = 2*k + 4*b. Determine d(k).
7
Let p be 15/(-2)*4/(-6). Suppose d + d + 4*u = 18, 4*d = p*u - 16. Let h(v) be the second derivative of v**4/6 - v**3/6 + v**2/2 + 5*v - 3. Give h(d).
2
Let y(a) = -a + 8. Suppose 0 = -5*l + 5*w - w + 61, -24 = -4*l - 3*w. What is y(l)?
-1
Let s(m) = -m**2 - 2*m + 2. Let u(i) = i**2 + 4*i - 2. Let v be u(-5). Let g be (2/v)/((-6)/27). Determine s(g).
-1
Let p(t) = -t**3 + 6*t**2 - 6. Let x(z) = z**2 + 2*z - 9. Let y be x(3). Calculate p(y).
-6
Let a = 39 - 34. Let s(y) = y**3 - 4*y**2 - 8*y + 8. Let i(v) = v - 1. Let g(w) = -2*i(w) - s(w). Determine g(a).
-1
Let v(b) = 2*b**2 - 1 + 1 + 1 + 0. Determine v(-1).
3
Let p = 10 - 13. Let f be (8/p - -3)*0. Let j(y) = -y**3. What is j(f)?
0
Let z(v) be the first derivative of -v**4/4 + 2*v**3 + 4*v**2 - 3*v - 14. Determine z(7).
4
Let s(f) = -4*f**2 - 2 - 4*f + 0*f**2 - 3 - f**3 + 1. What is s(-3)?
-1
Let k(x) be the second derivative of -x**7/2520 + x**5/60 + x**4/4 + 3*x. Let u(c) be the third derivative of k(c). Give u(0).
2
Let g(b) be the first derivative of -b**4/4 + 7*b**3/3 + 3*b**2/2 - 7*b - 8. Calculate g(7).
14
Let n = 0 - 0. Suppose -3*b - 2*c - 3 = -11, 0 = 3*c - 3. Let a(u) = b + 0 + 6 - u. What is a(n)?
8
Let p(n) = n**2 - n - 4. Let m = -19 - -23. Determine p(m).
8
Suppose -5*x + 6 = x. Let c(j) = j. Let p(z) = -z**2 + z + 4. Let o(s) = x*p(s) - 6*c(s). Determine o(-6).
-2
Suppose -7*a + 10*a = 9. Let z(x) = 2*x**3 - 9*x + 9*x - 3*x**a. Determine z(1).
-1
Let c(b) be the second derivative of -b**3/6 + 3*b**2 + b. Let r be -8*(-6)/96 + 22/4. Give c(r).
0
Let d(l) = l**2 - 4*l - 3. Let h(v) = -v**2 + v + 1. Let q(n) = -d(n) - 2*h(n). Let p(b) be the first deri